{"id":3149,"date":"2015-09-03T14:02:34","date_gmt":"2015-09-03T14:02:34","guid":{"rendered":"https:\/\/l1-real-estate.com\/index.php\/acerca-de\/"},"modified":"2022-11-11T14:54:24","modified_gmt":"2022-11-11T14:54:24","slug":"acerca-de","status":"publish","type":"page","link":"https:\/\/l1-real-estate.com\/index.php\/acerca-de\/?lang=es","title":{"rendered":"Acerca de"},"content":{"rendered":"<p>[vc_row el_class=&#8221;pb5e&#8221;][vc_column]<h1 class=\"sc_title sc_title_regular sc_align_center mb1e\" style=\"text-align:center;\">Why Choose Us<\/h1><div class=\"columns_wrap sc_columns columns_nofluid sc_columns_count_2\"><div class=\"column-1_2 sc_column_item sc_column_item_1 odd first\"><div class=\"sc_section\"><div class=\"sc_section_inner\"><span class=\"sc_icon icon-lock sc_icon_shape_round alignleft icon5e\"><\/span><h4 class=\"sc_title sc_title_regular sc_align_left mb05e fs-normal\" style=\"text-align:left;\">You can trust us<\/h4>[vc_column_text]Sea cual sea su situaci\u00f3n, la trataremos con gran responsabilidad y discreci\u00f3n.[\/vc_column_text]<div class=\"clearfix\" style=\"clear:both\"><\/div>[vc_empty_space height=&#8221;1.5em&#8221;]<span class=\"sc_icon icon-doc sc_icon_shape_round alignleft icon5e\"><\/span><h4 class=\"sc_title sc_title_regular sc_align_left mb05e fs-normal\" style=\"text-align:left;\">Legal support<\/h4>[vc_column_text]Podemos ayudarle a tramitar todos los documentos legales que pueda necesitar para su proyecto.[\/vc_column_text]<div class=\"clearfix\" style=\"clear:both\"><\/div>[vc_empty_space height=&#8221;1.5em&#8221;]<span class=\"sc_icon icon-search sc_icon_shape_round alignleft icon5e\"><\/span><h4 class=\"sc_title sc_title_regular sc_align_left mb05e fs-normal\" style=\"text-align:left;\">Regular Updates<\/h4>[vc_column_text]Nuestra cartera de propiedades es amplia y rica y cambia constantemente seg\u00fan sus necesidades.[\/vc_column_text]<div class=\"clearfix\" style=\"clear:both\"><\/div>[vc_empty_space height=&#8221;1.5em&#8221;]<span class=\"sc_icon icon-star sc_icon_shape_round alignleft icon5e\"><\/span><h4 class=\"sc_title sc_title_regular sc_align_left mb05e fs-normal\" style=\"text-align:left;\">To your satisfaction<\/h4>[vc_column_text]Queremos ofrecer un servicio excelente y no pararemos hasta satisfacer plenamente las necesidades de nuestros clientes.[\/vc_column_text]<div class=\"clearfix\" style=\"clear:both\"><\/div><\/div><\/div><\/div><div class=\"column-1_2 sc_column_item sc_column_item_2 even\">[vc_column_text]<img loading=\"lazy\" decoding=\"async\" class=\"alignnone wp-image-4364 size-large\" src=\"https:\/\/l1-real-estate.com\/wp-content\/uploads\/2022\/11\/IMG_4043-1024x850.jpg\" alt=\"\" width=\"1024\" height=\"850\" srcset=\"https:\/\/l1-real-estate.com\/wp-content\/uploads\/2022\/11\/IMG_4043-1024x850.jpg 1024w, https:\/\/l1-real-estate.com\/wp-content\/uploads\/2022\/11\/IMG_4043-300x249.jpg 300w, https:\/\/l1-real-estate.com\/wp-content\/uploads\/2022\/11\/IMG_4043-768x638.jpg 768w, https:\/\/l1-real-estate.com\/wp-content\/uploads\/2022\/11\/IMG_4043-1170x972.jpg 1170w, https:\/\/l1-real-estate.com\/wp-content\/uploads\/2022\/11\/IMG_4043-870x723.jpg 870w, https:\/\/l1-real-estate.com\/wp-content\/uploads\/2022\/11\/IMG_4043-390x324.jpg 390w, https:\/\/l1-real-estate.com\/wp-content\/uploads\/2022\/11\/IMG_4043.jpg 1428w\" sizes=\"auto, (max-width: 1024px) 100vw, 1024px\" \/>[\/vc_column_text]<\/div><\/div>[\/vc_column][\/vc_row][vc_row full_width=&#8221;stretch_row&#8221; css=&#8221;.vc_custom_1440058812899{background-color: #f3f3f3 !important;}&#8221; el_class=&#8221;pt5e pb5e&#8221;][vc_column]<div class=\"sc_content content_wrap\"><h1 class=\"sc_title sc_title_regular sc_align_center mb1e\" style=\"text-align:center;\">Our History<\/h1>[vc_column_text]<big><\/big><\/p>\n<p style=\"text-align: center;\"><strong>Gracias por visitarnos.<\/strong><\/p>\n<p style=\"text-align: center;\">Cuando se trata de bienes ra\u00edces en el Algarve, usted est\u00e1 en buenas manos con nosotros.<\/p>\n<p style=\"text-align: center;\">Operamos en el mercado con gran \u00e9xito en la venta y alquiler de casas y apartamentos ya sea para la compra o las vacaciones. Si usted es un propietario que busca alquilar o vender su propiedad, o simplemente alguien que est\u00e1 buscando una propiedad para pasar el tiempo en el sol en la hermosa costa del Algarve. Tenemos la soluci\u00f3n para usted.<\/p>\n<p style=\"text-align: center;\"><strong>La soluci\u00f3n que se ajusta a sus necesidades.<\/strong><\/p>\n<p style=\"text-align: center;\">Nuestra amplia cartera combinada con nuestra experiencia en Portugal, nos permite ofrecer propiedades de todas las categor\u00edas para implementar conceptos residenciales y de vivienda. Nuestro objetivo es ofrecerle exactamente lo que busca y permitirnos ofrecer soluciones personales adaptadas especialmente a nuestros clientes.<\/p>\n<p style=\"text-align: center;\"><strong>Todo el asesoramiento que ofrecemos es sin compromiso.<\/strong><\/p>\n<p style=\"text-align: center;\">Vis\u00edtenos sin ning\u00fan compromiso. Estaremos encantados de recibirle y presentarle personalmente toda nuestra cartera.<\/p>\n<p style=\"text-align: center;\">Proximidad al cliente que genera confianza.<\/p>\n<p style=\"text-align: center;\">Nuestro negocio gira en torno a las personas y nuestro trabajo comienza con la escucha y la comprensi\u00f3n de nuestros valiosos clientes, s\u00f3lo entonces sobre los bienes inmuebles que pretenden adquirir. Nuestro \u00e9xito depende de nuestro total compromiso con la realizaci\u00f3n de su sue\u00f1o, y para ello puede contar siempre con nuestra transparencia y simpat\u00eda, as\u00ed como con unas condiciones justas para que a trav\u00e9s de su satisfacci\u00f3n podamos establecer un contacto a largo plazo. Hacer realidad su sue\u00f1o es nuestra m\u00e1xima prioridad, por lo que tenemos el placer de entregarle personalmente las llaves al final de un proyecto.<\/p>\n<p style=\"text-align: center;\"><strong>Qui\u00e9nes somos<\/strong><\/p>\n<p style=\"text-align: center;\">Somos un equipo din\u00e1mico cuyo objetivo constante es el compromiso total con la realizaci\u00f3n de sus sue\u00f1os. Para ello utilizamos un enfoque diferente e inteligente, combinado con el excelente servicio al cliente que usted se merece. Nuestros puntos fuertes son la excelencia, la transparencia y la proximidad.<\/p>\n<p style=\"text-align: center;\"><strong>La confianza vale la pena.<\/strong><\/p>\n<p style=\"text-align: center;\">Nuestra pol\u00edtica est\u00e1 orientada a la cooperaci\u00f3n fiable y sostenible, la individualidad, la amabilidad y la discreci\u00f3n. Valores que son de gran importancia en este sensible negocio. Adem\u00e1s, contamos con una serie de competencias combinadas en nuestro equipo. Por eso siempre podemos encontrar soluciones \u00fanicas, incluso para los proyectos m\u00e1s exigentes.<\/p>\n<p style=\"text-align: center;\">Adem\u00e1s, hay una cualidad que impresiona especialmente a nuestros clientes: saber que nuestro objetivo es conseguir el mejor trato que nuestros apreciados clientes merecen.<\/p>\n<p style=\"text-align: center;\"><strong>Ofrecemos nuestro mejor, \u00fanico y amable servicio personal.<\/strong><\/p>\n<p style=\"text-align: center;\">Ya sea un apartamento o un chalet, una venta o un alquiler, cada proyecto es tratado por nosotros con competencia y sensibilidad. Nuestra filosof\u00eda no se basa en la cantidad de ofertas, sino en su calidad. Una filosof\u00eda con la que siempre hemos asegurado a nuestros clientes.<\/p>\n<p style=\"text-align: center;\">Estamos deseando conocerle, as\u00ed que vis\u00edtenos.<\/p>\n<p style=\"text-align: center;\">&#8211; Silke Lang y Liam Wessellenns<\/p>\n<p>[\/vc_column_text]<\/div>[\/vc_column][\/vc_row][vc_row full_width=&#8221;stretch_row&#8221; el_class=&#8221;pt5e pb5e&#8221;][vc_column]<div class=\"sc_content content_wrap\"><h1 class=\"sc_title sc_title_regular sc_align_center mb1e\" style=\"text-align:center;\">Our Partners<\/h1>[vc_column_text]<big><\/big><\/p>\n<p style=\"text-align: center;\">Tanto si se trata de alquiler de coches, como de traslados o de asesoramiento jur\u00eddico, nos asociamos con los tipos adecuados.<\/p>\n<p>[\/vc_column_text]<div id=\"sc_section_1950352954\" class=\"sc_section pt2e column-1_1\" style=\"height:119px;\"><div class=\"sc_section_inner\"><div id=\"sc_section_1950352954_scroll\" class=\"sc_scroll sc_scroll_horizontal swiper-slider-container scroll-container\" style=\"height:119px;\"><div class=\"sc_scroll_wrapper swiper-wrapper\"><div class=\"sc_scroll_slide swiper-slide\"><figure class=\"sc_image  alignleft sc_image_shape_square\"><img decoding=\"async\" src=\"https:\/\/l1-real-estate.com\/wp-content\/uploads\/2022\/11\/rentb.png\" alt=\"\" \/><\/figure><figure class=\"sc_image  alignleft sc_image_shape_square\"><img decoding=\"async\" src=\"https:\/\/l1-real-estate.com\/wp-content\/uploads\/2022\/11\/fishb.png\" alt=\"\" \/><\/figure><figure class=\"sc_image  alignleft sc_image_shape_square\"><img decoding=\"async\" src=\"https:\/\/l1-real-estate.com\/wp-content\/uploads\/2022\/11\/nab.png\" alt=\"\" \/><\/figure><\/div><\/div><div id=\"sc_section_1950352954_scroll_bar\" class=\"sc_scroll_bar sc_scroll_bar_horizontal sc_section_1950352954_scroll_bar\"><\/div><\/div><\/div><\/div><\/div>[\/vc_column][\/vc_row]<\/p>\n","protected":false},"excerpt":{"rendered":"<p>[vc_row el_class=&#8221;pb5e&#8221;][vc_column][\/vc_column][\/vc_row][vc_row full_width=&#8221;stretch_row&#8221; css=&#8221;.vc_custom_1440058812899{background-color: #f3f3f3 !important;}&#8221; el_class=&#8221;pt5e pb5e&#8221;][vc_column][\/vc_column][\/vc_row][vc_row full_width=&#8221;stretch_row&#8221; el_class=&#8221;pt5e pb5e&#8221;][vc_column][\/vc_column][\/vc_row]<\/p>\n","protected":false},"author":1,"featured_media":0,"parent":0,"menu_order":0,"comment_status":"open","ping_status":"open","template":"","meta":{"footnotes":""},"class_list":["post-3149","page","type-page","status-publish","hentry"],"yoast_head":"<!-- This site is optimized with the Yoast SEO plugin v26.8 - https:\/\/yoast.com\/product\/yoast-seo-wordpress\/ -->\n<title>Acerca de - L1 Property &amp; Real Estate Management<\/title>\n<meta name=\"robots\" content=\"index, follow, max-snippet:-1, max-image-preview:large, max-video-preview:-1\" \/>\n<link rel=\"canonical\" href=\"https:\/\/l1-real-estate.com\/index.php\/acerca-de\/\" \/>\n<meta property=\"og:locale\" content=\"en_US\" \/>\n<meta property=\"og:type\" content=\"article\" \/>\n<meta property=\"og:title\" content=\"Acerca de - L1 Property &amp; Real Estate Management\" \/>\n<meta property=\"og:description\" content=\"[vc_row el_class=&#8221;pb5e&#8221;][vc_column][\/vc_column][\/vc_row][vc_row full_width=&#8221;stretch_row&#8221; css=&#8221;.vc_custom_1440058812899{background-color: #f3f3f3 !important;}&#8221; el_class=&#8221;pt5e pb5e&#8221;][vc_column][\/vc_column][\/vc_row][vc_row full_width=&#8221;stretch_row&#8221; el_class=&#8221;pt5e pb5e&#8221;][vc_column][\/vc_column][\/vc_row]\" \/>\n<meta property=\"og:url\" content=\"https:\/\/l1-real-estate.com\/index.php\/acerca-de\/?lang=es\" \/>\n<meta property=\"og:site_name\" content=\"L1 Property &amp; Real Estate Management\" \/>\n<meta property=\"article:modified_time\" content=\"2022-11-11T14:54:24+00:00\" \/>\n<meta property=\"og:image\" content=\"https:\/\/l1-real-estate.com\/wp-content\/uploads\/2022\/11\/IMG_4043-1024x850.jpg\" \/>\n<meta name=\"twitter:card\" content=\"summary_large_image\" \/>\n<meta name=\"twitter:label1\" content=\"Est. reading time\" \/>\n\t<meta name=\"twitter:data1\" content=\"4 minutes\" \/>\n<script type=\"application\/ld+json\" class=\"yoast-schema-graph\">{\"@context\":\"https:\/\/schema.org\",\"@graph\":[{\"@type\":\"WebPage\",\"@id\":\"https:\/\/l1-real-estate.com\/index.php\/acerca-de\/?lang=es\",\"url\":\"https:\/\/l1-real-estate.com\/index.php\/acerca-de\/?lang=es\",\"name\":\"Acerca de - L1 Property &amp; Real Estate Management\",\"isPartOf\":{\"@id\":\"https:\/\/l1-real-estate.com\/#website\"},\"primaryImageOfPage\":{\"@id\":\"https:\/\/l1-real-estate.com\/index.php\/acerca-de\/?lang=es#primaryimage\"},\"image\":{\"@id\":\"https:\/\/l1-real-estate.com\/index.php\/acerca-de\/?lang=es#primaryimage\"},\"thumbnailUrl\":\"https:\/\/l1-real-estate.com\/wp-content\/uploads\/2022\/11\/IMG_4043-1024x850.jpg\",\"datePublished\":\"2015-09-03T14:02:34+00:00\",\"dateModified\":\"2022-11-11T14:54:24+00:00\",\"breadcrumb\":{\"@id\":\"https:\/\/l1-real-estate.com\/index.php\/acerca-de\/?lang=es#breadcrumb\"},\"inLanguage\":\"en-US\",\"potentialAction\":[{\"@type\":\"ReadAction\",\"target\":[\"https:\/\/l1-real-estate.com\/index.php\/acerca-de\/?lang=es\"]}]},{\"@type\":\"ImageObject\",\"inLanguage\":\"en-US\",\"@id\":\"https:\/\/l1-real-estate.com\/index.php\/acerca-de\/?lang=es#primaryimage\",\"url\":\"https:\/\/l1-real-estate.com\/wp-content\/uploads\/2022\/11\/IMG_4043.jpg\",\"contentUrl\":\"https:\/\/l1-real-estate.com\/wp-content\/uploads\/2022\/11\/IMG_4043.jpg\",\"width\":1428,\"height\":1186},{\"@type\":\"BreadcrumbList\",\"@id\":\"https:\/\/l1-real-estate.com\/index.php\/acerca-de\/?lang=es#breadcrumb\",\"itemListElement\":[{\"@type\":\"ListItem\",\"position\":1,\"name\":\"Startseite\",\"item\":\"https:\/\/l1-real-estate.com\/\"},{\"@type\":\"ListItem\",\"position\":2,\"name\":\"Acerca de\"}]},{\"@type\":\"WebSite\",\"@id\":\"https:\/\/l1-real-estate.com\/#website\",\"url\":\"https:\/\/l1-real-estate.com\/\",\"name\":\"L1 Property &amp; Real Estate Management\",\"description\":\"\",\"potentialAction\":[{\"@type\":\"SearchAction\",\"target\":{\"@type\":\"EntryPoint\",\"urlTemplate\":\"https:\/\/l1-real-estate.com\/?s={search_term_string}\"},\"query-input\":{\"@type\":\"PropertyValueSpecification\",\"valueRequired\":true,\"valueName\":\"search_term_string\"}}],\"inLanguage\":\"en-US\"}]}<\/script>\n<!-- \/ Yoast SEO plugin. -->","yoast_head_json":{"title":"Acerca de - L1 Property &amp; Real Estate Management","robots":{"index":"index","follow":"follow","max-snippet":"max-snippet:-1","max-image-preview":"max-image-preview:large","max-video-preview":"max-video-preview:-1"},"canonical":"https:\/\/l1-real-estate.com\/index.php\/acerca-de\/","og_locale":"en_US","og_type":"article","og_title":"Acerca de - L1 Property &amp; Real Estate Management","og_description":"[vc_row el_class=&#8221;pb5e&#8221;][vc_column][\/vc_column][\/vc_row][vc_row full_width=&#8221;stretch_row&#8221; css=&#8221;.vc_custom_1440058812899{background-color: #f3f3f3 !important;}&#8221; el_class=&#8221;pt5e pb5e&#8221;][vc_column][\/vc_column][\/vc_row][vc_row full_width=&#8221;stretch_row&#8221; el_class=&#8221;pt5e pb5e&#8221;][vc_column][\/vc_column][\/vc_row]","og_url":"https:\/\/l1-real-estate.com\/index.php\/acerca-de\/?lang=es","og_site_name":"L1 Property &amp; Real Estate Management","article_modified_time":"2022-11-11T14:54:24+00:00","og_image":[{"url":"https:\/\/l1-real-estate.com\/wp-content\/uploads\/2022\/11\/IMG_4043-1024x850.jpg","type":"","width":"","height":""}],"twitter_card":"summary_large_image","twitter_misc":{"Est. reading time":"4 minutes"},"schema":{"@context":"https:\/\/schema.org","@graph":[{"@type":"WebPage","@id":"https:\/\/l1-real-estate.com\/index.php\/acerca-de\/?lang=es","url":"https:\/\/l1-real-estate.com\/index.php\/acerca-de\/?lang=es","name":"Acerca de - L1 Property &amp; Real Estate Management","isPartOf":{"@id":"https:\/\/l1-real-estate.com\/#website"},"primaryImageOfPage":{"@id":"https:\/\/l1-real-estate.com\/index.php\/acerca-de\/?lang=es#primaryimage"},"image":{"@id":"https:\/\/l1-real-estate.com\/index.php\/acerca-de\/?lang=es#primaryimage"},"thumbnailUrl":"https:\/\/l1-real-estate.com\/wp-content\/uploads\/2022\/11\/IMG_4043-1024x850.jpg","datePublished":"2015-09-03T14:02:34+00:00","dateModified":"2022-11-11T14:54:24+00:00","breadcrumb":{"@id":"https:\/\/l1-real-estate.com\/index.php\/acerca-de\/?lang=es#breadcrumb"},"inLanguage":"en-US","potentialAction":[{"@type":"ReadAction","target":["https:\/\/l1-real-estate.com\/index.php\/acerca-de\/?lang=es"]}]},{"@type":"ImageObject","inLanguage":"en-US","@id":"https:\/\/l1-real-estate.com\/index.php\/acerca-de\/?lang=es#primaryimage","url":"https:\/\/l1-real-estate.com\/wp-content\/uploads\/2022\/11\/IMG_4043.jpg","contentUrl":"https:\/\/l1-real-estate.com\/wp-content\/uploads\/2022\/11\/IMG_4043.jpg","width":1428,"height":1186},{"@type":"BreadcrumbList","@id":"https:\/\/l1-real-estate.com\/index.php\/acerca-de\/?lang=es#breadcrumb","itemListElement":[{"@type":"ListItem","position":1,"name":"Startseite","item":"https:\/\/l1-real-estate.com\/"},{"@type":"ListItem","position":2,"name":"Acerca de"}]},{"@type":"WebSite","@id":"https:\/\/l1-real-estate.com\/#website","url":"https:\/\/l1-real-estate.com\/","name":"L1 Property &amp; Real Estate Management","description":"","potentialAction":[{"@type":"SearchAction","target":{"@type":"EntryPoint","urlTemplate":"https:\/\/l1-real-estate.com\/?s={search_term_string}"},"query-input":{"@type":"PropertyValueSpecification","valueRequired":true,"valueName":"search_term_string"}}],"inLanguage":"en-US"}]}},"_links":{"self":[{"href":"https:\/\/l1-real-estate.com\/index.php\/wp-json\/wp\/v2\/pages\/3149","targetHints":{"allow":["GET"]}}],"collection":[{"href":"https:\/\/l1-real-estate.com\/index.php\/wp-json\/wp\/v2\/pages"}],"about":[{"href":"https:\/\/l1-real-estate.com\/index.php\/wp-json\/wp\/v2\/types\/page"}],"author":[{"embeddable":true,"href":"https:\/\/l1-real-estate.com\/index.php\/wp-json\/wp\/v2\/users\/1"}],"replies":[{"embeddable":true,"href":"https:\/\/l1-real-estate.com\/index.php\/wp-json\/wp\/v2\/comments?post=3149"}],"version-history":[{"count":173,"href":"https:\/\/l1-real-estate.com\/index.php\/wp-json\/wp\/v2\/pages\/3149\/revisions"}],"predecessor-version":[{"id":6226,"href":"https:\/\/l1-real-estate.com\/index.php\/wp-json\/wp\/v2\/pages\/3149\/revisions\/6226"}],"wp:attachment":[{"href":"https:\/\/l1-real-estate.com\/index.php\/wp-json\/wp\/v2\/media?parent=3149"}],"curies":[{"name":"wp","href":"https:\/\/api.w.org\/{rel}","templated":true}]}}