{"id":3224,"date":"2015-09-03T14:02:34","date_gmt":"2015-09-03T14:02:34","guid":{"rendered":"https:\/\/l1-real-estate.com\/index.php\/a-propos-de\/"},"modified":"2022-11-11T14:54:14","modified_gmt":"2022-11-11T14:54:14","slug":"a-propos-de","status":"publish","type":"page","link":"https:\/\/l1-real-estate.com\/index.php\/a-propos-de\/?lang=fr","title":{"rendered":"\u00c0 propos de"},"content":{"rendered":"<p>[vc_row el_class=&#8221;pb5e&#8221;][vc_column]<h1 class=\"sc_title sc_title_regular sc_align_center mb1e\" style=\"text-align:center;\">Why Choose Us<\/h1><div class=\"columns_wrap sc_columns columns_nofluid sc_columns_count_2\"><div class=\"column-1_2 sc_column_item sc_column_item_1 odd first\"><div class=\"sc_section\"><div class=\"sc_section_inner\"><span class=\"sc_icon icon-lock sc_icon_shape_round alignleft icon5e\"><\/span><h4 class=\"sc_title sc_title_regular sc_align_left mb05e fs-normal\" style=\"text-align:left;\">You can trust us<\/h4>[vc_column_text]Quelle que soit votre situation, nous la traiterons avec beaucoup de responsabilit\u00e9 et de discr\u00e9tion.[\/vc_column_text]<div class=\"clearfix\" style=\"clear:both\"><\/div>[vc_empty_space height=&#8221;1.5em&#8221;]<span class=\"sc_icon icon-doc sc_icon_shape_round alignleft icon5e\"><\/span><h4 class=\"sc_title sc_title_regular sc_align_left mb05e fs-normal\" style=\"text-align:left;\">Legal support<\/h4>[vc_column_text]Nous pouvons vous aider \u00e0 vous occuper de tous les documents juridiques dont vous pourriez avoir besoin pour votre projet.[\/vc_column_text]<div class=\"clearfix\" style=\"clear:both\"><\/div>[vc_empty_space height=&#8221;1.5em&#8221;]<span class=\"sc_icon icon-search sc_icon_shape_round alignleft icon5e\"><\/span><h4 class=\"sc_title sc_title_regular sc_align_left mb05e fs-normal\" style=\"text-align:left;\">Regular Updates<\/h4>[vc_column_text]Notre portefeuille de propri\u00e9t\u00e9s est vaste et riche et change constamment en fonction de vos besoins.[\/vc_column_text]<div class=\"clearfix\" style=\"clear:both\"><\/div>[vc_empty_space height=&#8221;1.5em&#8221;]<span class=\"sc_icon icon-star sc_icon_shape_round alignleft icon5e\"><\/span><h4 class=\"sc_title sc_title_regular sc_align_left mb05e fs-normal\" style=\"text-align:left;\">To your satisfaction<\/h4>[vc_column_text]Nous voulons fournir un excellent service et nous ne nous arr\u00eaterons pas avant d&#8217;avoir pleinement r\u00e9pondu aux besoins de nos clients.[\/vc_column_text]<div class=\"clearfix\" style=\"clear:both\"><\/div><\/div><\/div><\/div><div class=\"column-1_2 sc_column_item sc_column_item_2 even\">[vc_column_text]<img loading=\"lazy\" decoding=\"async\" class=\"alignnone wp-image-4364 size-large\" src=\"https:\/\/l1-real-estate.com\/wp-content\/uploads\/2022\/11\/IMG_4043-1024x850.jpg\" alt=\"\" width=\"1024\" height=\"850\" srcset=\"https:\/\/l1-real-estate.com\/wp-content\/uploads\/2022\/11\/IMG_4043-1024x850.jpg 1024w, https:\/\/l1-real-estate.com\/wp-content\/uploads\/2022\/11\/IMG_4043-300x249.jpg 300w, https:\/\/l1-real-estate.com\/wp-content\/uploads\/2022\/11\/IMG_4043-768x638.jpg 768w, https:\/\/l1-real-estate.com\/wp-content\/uploads\/2022\/11\/IMG_4043-1170x972.jpg 1170w, https:\/\/l1-real-estate.com\/wp-content\/uploads\/2022\/11\/IMG_4043-870x723.jpg 870w, https:\/\/l1-real-estate.com\/wp-content\/uploads\/2022\/11\/IMG_4043-390x324.jpg 390w, https:\/\/l1-real-estate.com\/wp-content\/uploads\/2022\/11\/IMG_4043.jpg 1428w\" sizes=\"auto, (max-width: 1024px) 100vw, 1024px\" \/>[\/vc_column_text]<\/div><\/div>[\/vc_column][\/vc_row][vc_row full_width=&#8221;stretch_row&#8221; css=&#8221;.vc_custom_1440058812899{background-color: #f3f3f3 !important;}&#8221; el_class=&#8221;pt5e pb5e&#8221;][vc_column]<div class=\"sc_content content_wrap\"><h1 class=\"sc_title sc_title_regular sc_align_center mb1e\" style=\"text-align:center;\">Our History<\/h1>[vc_column_text]<big><\/big><\/p>\n<p style=\"text-align: center;\"><strong>Merci de nous rendre visite.<\/strong><\/p>\n<p style=\"text-align: center;\">Lorsqu&#8217;il s&#8217;agit de biens immobiliers dans l&#8217;Algarve, vous \u00eates entre de bonnes mains avec nous.<\/p>\n<p style=\"text-align: center;\">Nous op\u00e9rons sur le march\u00e9 avec un grand succ\u00e8s dans la vente et la location de maisons et d&#8217;appartements, que ce soit pour l&#8217;achat ou les vacances. Si vous \u00eates un propri\u00e9taire cherchant \u00e0 louer ou \u00e0 vendre votre propri\u00e9t\u00e9, ou simplement quelqu&#8217;un qui cherche une propri\u00e9t\u00e9 pour passer du temps au soleil sur la magnifique c\u00f4te de l&#8217;Algarve. Nous avons la solution pour vous.<\/p>\n<p style=\"text-align: center;\"><strong>La solution qui r\u00e9pond \u00e0 vos besoins.<\/strong><\/p>\n<p style=\"text-align: center;\">Notre vaste portefeuille, combin\u00e9 \u00e0 notre exp\u00e9rience au Portugal, nous permet de proposer des propri\u00e9t\u00e9s de toutes cat\u00e9gories pour mettre en \u0153uvre des concepts r\u00e9sidentiels et de logement. Notre objectif est de vous offrir exactement ce que vous recherchez et de nous permettre de proposer des solutions personnelles sp\u00e9cialement adapt\u00e9es \u00e0 nos clients.<\/p>\n<p style=\"text-align: center;\"><strong>Tous les conseils que nous offrons sont sans obligation.<\/strong><\/p>\n<p style=\"text-align: center;\">Rendez-nous visite sans aucun engagement. Nous serons ravis de vous accueillir et de vous pr\u00e9senter personnellement l&#8217;ensemble de notre portefeuille.<\/p>\n<p style=\"text-align: center;\">La proximit\u00e9 avec le client qui cr\u00e9e la confiance.<\/p>\n<p style=\"text-align: center;\">Notre activit\u00e9 est ax\u00e9e sur les personnes et notre travail commence par l&#8217;\u00e9coute et la compr\u00e9hension de nos pr\u00e9cieux clients, et ensuite seulement du bien immobilier qu&#8217;ils souhaitent acqu\u00e9rir. Notre succ\u00e8s d\u00e9pend de notre engagement total dans la r\u00e9alisation de votre r\u00eave, et pour cela vous pouvez toujours compter sur notre transparence et notre sympathie, ainsi que sur des conditions \u00e9quitables afin que par votre satisfaction nous puissions \u00e9tablir un contact \u00e0 long terme. Faire de votre r\u00eave une r\u00e9alit\u00e9 est notre priorit\u00e9 absolue, c&#8217;est pourquoi nous avons le plaisir de vous remettre personnellement les cl\u00e9s \u00e0 la fin d&#8217;un projet.<\/p>\n<p style=\"text-align: center;\"><strong>Qui sommes-nous ?<\/strong><\/p>\n<p style=\"text-align: center;\">Nous sommes une \u00e9quipe dynamique dont l&#8217;objectif constant est l&#8217;engagement total dans la r\u00e9alisation de vos r\u00eaves. Pour cela, nous utilisons une approche diff\u00e9rente et intelligente, associ\u00e9e \u00e0 un excellent service \u00e0 la client\u00e8le que vous m\u00e9ritez. Nos atouts sont l&#8217;excellence, la transparence et la proximit\u00e9.<\/p>\n<p style=\"text-align: center;\"><strong>La confiance est payante.<\/strong><\/p>\n<p style=\"text-align: center;\">Notre politique vise une coop\u00e9ration fiable et durable ,l&#8217;individualit\u00e9, la convivialit\u00e9 et la discr\u00e9tion. Des valeurs qui rev\u00eatent une grande importance dans ce secteur sensible. En outre, nous disposons d&#8217;un certain nombre de comp\u00e9tences combin\u00e9es dans notre \u00e9quipe. C&#8217;est pourquoi nous pouvons toujours trouver des solutions uniques, m\u00eame pour les projets les plus exigeants.<\/p>\n<p style=\"text-align: center;\">En outre, il existe une qualit\u00e9 qui impressionne particuli\u00e8rement nos clients : le fait de savoir que nous nous effor\u00e7ons d&#8217;obtenir le meilleur accord que nos pr\u00e9cieux clients m\u00e9ritent.<\/p>\n<p style=\"text-align: center;\"><strong>Nous offrons notre meilleur service personnel, unique et amical.<\/strong><\/p>\n<p style=\"text-align: center;\">Qu&#8217;il s&#8217;agisse d&#8217;un appartement ou d&#8217;une villa, d&#8217;une vente ou d&#8217;une location, chaque projet est trait\u00e9 par nos soins avec comp\u00e9tence et sensibilit\u00e9. Notre philosophie ne repose pas sur la quantit\u00e9 d&#8217;offres, mais sur leur qualit\u00e9. Une philosophie avec laquelle nous avons toujours assur\u00e9 nos clients.<\/p>\n<p style=\"text-align: center;\">Nous sommes impatients de vous rencontrer, alors n&#8217;h\u00e9sitez pas \u00e0 nous rendre visite.<\/p>\n<p style=\"text-align: center;\">&#8211; Silke Lang et Liam Wessellenns<\/p>\n<p>[\/vc_column_text]<\/div>[\/vc_column][\/vc_row][vc_row full_width=&#8221;stretch_row&#8221; el_class=&#8221;pt5e pb5e&#8221;][vc_column]<div class=\"sc_content content_wrap\"><h1 class=\"sc_title sc_title_regular sc_align_center mb1e\" style=\"text-align:center;\">Our Partners<\/h1>[vc_column_text]<big><\/big><\/p>\n<p style=\"text-align: center;\">Qu&#8217;il s&#8217;agisse de la location d&#8217;une voiture, d&#8217;un transfert ou d&#8217;un conseil juridique, nous nous sommes associ\u00e9s aux bons interlocuteurs.<\/p>\n<p>[\/vc_column_text]<div id=\"sc_section_2005113552\" class=\"sc_section pt2e column-1_1\" style=\"height:119px;\"><div class=\"sc_section_inner\"><div id=\"sc_section_2005113552_scroll\" class=\"sc_scroll sc_scroll_horizontal swiper-slider-container scroll-container\" style=\"height:119px;\"><div class=\"sc_scroll_wrapper swiper-wrapper\"><div class=\"sc_scroll_slide swiper-slide\"><figure class=\"sc_image  alignleft sc_image_shape_square\"><img decoding=\"async\" src=\"https:\/\/l1-real-estate.com\/wp-content\/uploads\/2022\/11\/rentb.png\" alt=\"\" \/><\/figure><figure class=\"sc_image  alignleft sc_image_shape_square\"><img decoding=\"async\" src=\"https:\/\/l1-real-estate.com\/wp-content\/uploads\/2022\/11\/fishb.png\" alt=\"\" \/><\/figure><figure class=\"sc_image  alignleft sc_image_shape_square\"><img decoding=\"async\" src=\"https:\/\/l1-real-estate.com\/wp-content\/uploads\/2022\/11\/nab.png\" alt=\"\" \/><\/figure><\/div><\/div><div id=\"sc_section_2005113552_scroll_bar\" class=\"sc_scroll_bar sc_scroll_bar_horizontal sc_section_2005113552_scroll_bar\"><\/div><\/div><\/div><\/div><\/div>[\/vc_column][\/vc_row]<\/p>\n","protected":false},"excerpt":{"rendered":"<p>[vc_row el_class=&#8221;pb5e&#8221;][vc_column][\/vc_column][\/vc_row][vc_row full_width=&#8221;stretch_row&#8221; css=&#8221;.vc_custom_1440058812899{background-color: #f3f3f3 !important;}&#8221; el_class=&#8221;pt5e pb5e&#8221;][vc_column][\/vc_column][\/vc_row][vc_row full_width=&#8221;stretch_row&#8221; el_class=&#8221;pt5e pb5e&#8221;][vc_column][\/vc_column][\/vc_row]<\/p>\n","protected":false},"author":1,"featured_media":0,"parent":0,"menu_order":0,"comment_status":"open","ping_status":"open","template":"","meta":{"footnotes":""},"class_list":["post-3224","page","type-page","status-publish","hentry"],"yoast_head":"<!-- This site is optimized with the Yoast SEO plugin v26.8 - https:\/\/yoast.com\/product\/yoast-seo-wordpress\/ -->\n<title>\u00c0 propos de - L1 Property &amp; Real Estate Management<\/title>\n<meta name=\"robots\" content=\"index, follow, max-snippet:-1, max-image-preview:large, max-video-preview:-1\" \/>\n<link rel=\"canonical\" href=\"https:\/\/l1-real-estate.com\/index.php\/a-propos-de\/\" \/>\n<meta property=\"og:locale\" content=\"en_US\" \/>\n<meta property=\"og:type\" content=\"article\" \/>\n<meta property=\"og:title\" content=\"\u00c0 propos de - L1 Property &amp; Real Estate Management\" \/>\n<meta property=\"og:description\" content=\"[vc_row el_class=&#8221;pb5e&#8221;][vc_column][\/vc_column][\/vc_row][vc_row full_width=&#8221;stretch_row&#8221; css=&#8221;.vc_custom_1440058812899{background-color: #f3f3f3 !important;}&#8221; el_class=&#8221;pt5e pb5e&#8221;][vc_column][\/vc_column][\/vc_row][vc_row full_width=&#8221;stretch_row&#8221; el_class=&#8221;pt5e pb5e&#8221;][vc_column][\/vc_column][\/vc_row]\" \/>\n<meta property=\"og:url\" content=\"https:\/\/l1-real-estate.com\/index.php\/a-propos-de\/?lang=fr\" \/>\n<meta property=\"og:site_name\" content=\"L1 Property &amp; Real Estate Management\" \/>\n<meta property=\"article:modified_time\" content=\"2022-11-11T14:54:14+00:00\" \/>\n<meta property=\"og:image\" content=\"https:\/\/l1-real-estate.com\/wp-content\/uploads\/2022\/11\/IMG_4043-1024x850.jpg\" \/>\n<meta name=\"twitter:card\" content=\"summary_large_image\" \/>\n<meta name=\"twitter:label1\" content=\"Est. reading time\" \/>\n\t<meta name=\"twitter:data1\" content=\"5 minutes\" \/>\n<script type=\"application\/ld+json\" class=\"yoast-schema-graph\">{\"@context\":\"https:\/\/schema.org\",\"@graph\":[{\"@type\":\"WebPage\",\"@id\":\"https:\/\/l1-real-estate.com\/index.php\/a-propos-de\/?lang=fr\",\"url\":\"https:\/\/l1-real-estate.com\/index.php\/a-propos-de\/?lang=fr\",\"name\":\"\u00c0 propos de - L1 Property &amp; Real Estate Management\",\"isPartOf\":{\"@id\":\"https:\/\/l1-real-estate.com\/#website\"},\"primaryImageOfPage\":{\"@id\":\"https:\/\/l1-real-estate.com\/index.php\/a-propos-de\/?lang=fr#primaryimage\"},\"image\":{\"@id\":\"https:\/\/l1-real-estate.com\/index.php\/a-propos-de\/?lang=fr#primaryimage\"},\"thumbnailUrl\":\"https:\/\/l1-real-estate.com\/wp-content\/uploads\/2022\/11\/IMG_4043-1024x850.jpg\",\"datePublished\":\"2015-09-03T14:02:34+00:00\",\"dateModified\":\"2022-11-11T14:54:14+00:00\",\"breadcrumb\":{\"@id\":\"https:\/\/l1-real-estate.com\/index.php\/a-propos-de\/?lang=fr#breadcrumb\"},\"inLanguage\":\"en-US\",\"potentialAction\":[{\"@type\":\"ReadAction\",\"target\":[\"https:\/\/l1-real-estate.com\/index.php\/a-propos-de\/?lang=fr\"]}]},{\"@type\":\"ImageObject\",\"inLanguage\":\"en-US\",\"@id\":\"https:\/\/l1-real-estate.com\/index.php\/a-propos-de\/?lang=fr#primaryimage\",\"url\":\"https:\/\/l1-real-estate.com\/wp-content\/uploads\/2022\/11\/IMG_4043.jpg\",\"contentUrl\":\"https:\/\/l1-real-estate.com\/wp-content\/uploads\/2022\/11\/IMG_4043.jpg\",\"width\":1428,\"height\":1186},{\"@type\":\"BreadcrumbList\",\"@id\":\"https:\/\/l1-real-estate.com\/index.php\/a-propos-de\/?lang=fr#breadcrumb\",\"itemListElement\":[{\"@type\":\"ListItem\",\"position\":1,\"name\":\"Startseite\",\"item\":\"https:\/\/l1-real-estate.com\/\"},{\"@type\":\"ListItem\",\"position\":2,\"name\":\"\u00c0 propos de\"}]},{\"@type\":\"WebSite\",\"@id\":\"https:\/\/l1-real-estate.com\/#website\",\"url\":\"https:\/\/l1-real-estate.com\/\",\"name\":\"L1 Property &amp; Real Estate Management\",\"description\":\"\",\"potentialAction\":[{\"@type\":\"SearchAction\",\"target\":{\"@type\":\"EntryPoint\",\"urlTemplate\":\"https:\/\/l1-real-estate.com\/?s={search_term_string}\"},\"query-input\":{\"@type\":\"PropertyValueSpecification\",\"valueRequired\":true,\"valueName\":\"search_term_string\"}}],\"inLanguage\":\"en-US\"}]}<\/script>\n<!-- \/ Yoast SEO plugin. -->","yoast_head_json":{"title":"\u00c0 propos de - L1 Property &amp; Real Estate Management","robots":{"index":"index","follow":"follow","max-snippet":"max-snippet:-1","max-image-preview":"max-image-preview:large","max-video-preview":"max-video-preview:-1"},"canonical":"https:\/\/l1-real-estate.com\/index.php\/a-propos-de\/","og_locale":"en_US","og_type":"article","og_title":"\u00c0 propos de - L1 Property &amp; Real Estate Management","og_description":"[vc_row el_class=&#8221;pb5e&#8221;][vc_column][\/vc_column][\/vc_row][vc_row full_width=&#8221;stretch_row&#8221; css=&#8221;.vc_custom_1440058812899{background-color: #f3f3f3 !important;}&#8221; el_class=&#8221;pt5e pb5e&#8221;][vc_column][\/vc_column][\/vc_row][vc_row full_width=&#8221;stretch_row&#8221; el_class=&#8221;pt5e pb5e&#8221;][vc_column][\/vc_column][\/vc_row]","og_url":"https:\/\/l1-real-estate.com\/index.php\/a-propos-de\/?lang=fr","og_site_name":"L1 Property &amp; Real Estate Management","article_modified_time":"2022-11-11T14:54:14+00:00","og_image":[{"url":"https:\/\/l1-real-estate.com\/wp-content\/uploads\/2022\/11\/IMG_4043-1024x850.jpg","type":"","width":"","height":""}],"twitter_card":"summary_large_image","twitter_misc":{"Est. reading time":"5 minutes"},"schema":{"@context":"https:\/\/schema.org","@graph":[{"@type":"WebPage","@id":"https:\/\/l1-real-estate.com\/index.php\/a-propos-de\/?lang=fr","url":"https:\/\/l1-real-estate.com\/index.php\/a-propos-de\/?lang=fr","name":"\u00c0 propos de - L1 Property &amp; Real Estate Management","isPartOf":{"@id":"https:\/\/l1-real-estate.com\/#website"},"primaryImageOfPage":{"@id":"https:\/\/l1-real-estate.com\/index.php\/a-propos-de\/?lang=fr#primaryimage"},"image":{"@id":"https:\/\/l1-real-estate.com\/index.php\/a-propos-de\/?lang=fr#primaryimage"},"thumbnailUrl":"https:\/\/l1-real-estate.com\/wp-content\/uploads\/2022\/11\/IMG_4043-1024x850.jpg","datePublished":"2015-09-03T14:02:34+00:00","dateModified":"2022-11-11T14:54:14+00:00","breadcrumb":{"@id":"https:\/\/l1-real-estate.com\/index.php\/a-propos-de\/?lang=fr#breadcrumb"},"inLanguage":"en-US","potentialAction":[{"@type":"ReadAction","target":["https:\/\/l1-real-estate.com\/index.php\/a-propos-de\/?lang=fr"]}]},{"@type":"ImageObject","inLanguage":"en-US","@id":"https:\/\/l1-real-estate.com\/index.php\/a-propos-de\/?lang=fr#primaryimage","url":"https:\/\/l1-real-estate.com\/wp-content\/uploads\/2022\/11\/IMG_4043.jpg","contentUrl":"https:\/\/l1-real-estate.com\/wp-content\/uploads\/2022\/11\/IMG_4043.jpg","width":1428,"height":1186},{"@type":"BreadcrumbList","@id":"https:\/\/l1-real-estate.com\/index.php\/a-propos-de\/?lang=fr#breadcrumb","itemListElement":[{"@type":"ListItem","position":1,"name":"Startseite","item":"https:\/\/l1-real-estate.com\/"},{"@type":"ListItem","position":2,"name":"\u00c0 propos de"}]},{"@type":"WebSite","@id":"https:\/\/l1-real-estate.com\/#website","url":"https:\/\/l1-real-estate.com\/","name":"L1 Property &amp; Real Estate Management","description":"","potentialAction":[{"@type":"SearchAction","target":{"@type":"EntryPoint","urlTemplate":"https:\/\/l1-real-estate.com\/?s={search_term_string}"},"query-input":{"@type":"PropertyValueSpecification","valueRequired":true,"valueName":"search_term_string"}}],"inLanguage":"en-US"}]}},"_links":{"self":[{"href":"https:\/\/l1-real-estate.com\/index.php\/wp-json\/wp\/v2\/pages\/3224","targetHints":{"allow":["GET"]}}],"collection":[{"href":"https:\/\/l1-real-estate.com\/index.php\/wp-json\/wp\/v2\/pages"}],"about":[{"href":"https:\/\/l1-real-estate.com\/index.php\/wp-json\/wp\/v2\/types\/page"}],"author":[{"embeddable":true,"href":"https:\/\/l1-real-estate.com\/index.php\/wp-json\/wp\/v2\/users\/1"}],"replies":[{"embeddable":true,"href":"https:\/\/l1-real-estate.com\/index.php\/wp-json\/wp\/v2\/comments?post=3224"}],"version-history":[{"count":14,"href":"https:\/\/l1-real-estate.com\/index.php\/wp-json\/wp\/v2\/pages\/3224\/revisions"}],"predecessor-version":[{"id":6230,"href":"https:\/\/l1-real-estate.com\/index.php\/wp-json\/wp\/v2\/pages\/3224\/revisions\/6230"}],"wp:attachment":[{"href":"https:\/\/l1-real-estate.com\/index.php\/wp-json\/wp\/v2\/media?parent=3224"}],"curies":[{"name":"wp","href":"https:\/\/api.w.org\/{rel}","templated":true}]}}