{"id":3456,"date":"2022-11-10T18:09:17","date_gmt":"2022-11-10T18:09:17","guid":{"rendered":"https:\/\/l1-real-estate.com\/index.php\/nuestras-propiedades\/"},"modified":"2022-11-11T14:54:26","modified_gmt":"2022-11-11T14:54:26","slug":"nuestras-propiedades","status":"publish","type":"page","link":"https:\/\/l1-real-estate.com\/index.php\/nuestras-propiedades\/?lang=es","title":{"rendered":"Nuestras propiedades"},"content":{"rendered":"<p>[vc_row el_class=&#8221;pt5e&#8221;][vc_column css=&#8221;.vc_custom_1542620475687{margin-right: 8.547% !important;margin-left: 8.547% !important;}&#8221;]<div class=\"sc_content content_wrap\"><h1 class=\"sc_title sc_title_regular sc_align_center\" style=\"text-align:center;\">Our Properties<\/h1>[vc_column_text]\u00bfNo ha encontrado lo que buscaba? Env\u00edenos un mensaje y nos pondremos en contacto con usted en un plazo de 24 horas.[\/vc_column_text]<\/div>[\/vc_column][\/vc_row][vc_row css=&#8221;.vc_custom_1668104059224{padding-top: 24px !important;}&#8221;][vc_column]<div id=\"sc_property_2023948963_wrap\" class=\"sc_property_wrap\"><div id=\"sc_property_2023948963\" class=\"sc_property sc_property_property-1 sc_property_type_images  sc_slider_nopagination sc_slider_nocontrols\" style=\"width:100%;\" data-interval=\"5212\" data-slides-per-view=\"3\"><div class=\"sc_columns columns_wrap\"><div class=\"column-1_3 column_padding_bottom\">\t\t\t<div id=\"sc_property_2023948963_1\"\t\t\t\tclass=\"sc_property_item sc_property_item_1 odd first\"\n\t\t\t\t>\n\t\t\t\t\n\t\t\t\t\n\t\t\t\t<div class=\"sc_property_item_featured\">\n\t\t\t\t\t\t\t<div class=\"post_thumb\" data-image=\"https:\/\/l1-real-estate.com\/wp-content\/uploads\/2022\/11\/IMG_3806-36-scaled.jpg\" data-title=\"Commercial space for sale, Urbaniza\u00e7\u00e3o Ba\u00eda de Cristal, 6, 6, Meia Praia\">\n\t\t<a class=\"hover_icon hover_icon_link\" href=\"https:\/\/l1-real-estate.com\/index.php\/property\/espaco-comercial-a-venda-urbanizacao-baia-de-cristal-6-meia-praia\/\"><img loading=\"lazy\" decoding=\"async\" class=\"wp-post-image\" width=\"370\" height=\"180\" alt=\"Commercial space for sale, Urbaniza\u00e7\u00e3o Ba\u00eda de Cristal, 6, 6, Meia Praia\" src=\"https:\/\/l1-real-estate.com\/wp-content\/uploads\/2022\/11\/IMG_3806-36-scaled-370x180.jpg\"><\/a>\t\t<\/div>\n\t\t\t\t\t\t\t<span class=\"sc_property_item_status\">Sale<\/span>\t\t\t\t<\/div>\n\t\t\t\t\t\n\t\t\t\t<div class=\"sc_property_item_content\">\n\t\t\t\t\n\t\t\t\t\t<div class=\"sc_property_item_type\">\n\t\t\t\t\t\tOffice&nbsp;\t\t\t\t\t<\/div>\n\t\t\t\t\t\n\t\t\t\t\t<div class=\"sc_property_item_price\">\n\t\t\t\t\t\t\u20ac950 000\t\t\t\t\t<\/div>\n\t\t\t\t\t\n\t\t\t\t\t<h4 class=\"sc_property_item_title\"><a href=\"https:\/\/l1-real-estate.com\/index.php\/property\/espaco-comercial-a-venda-urbanizacao-baia-de-cristal-6-meia-praia\/\">Commercial space for sale, Urbaniza\u00e7\u00e3o Ba\u00eda de Cristal, 6, 6, Meia Praia<\/a><\/h4>\t\t\t\t\t\t\n\t\t\t\t\t<div class=\"cL\"><\/div>\n\t\t\t\t\t\n\t\t\t\t\t<div class=\"sc_property_item_area\">\n\t\t\t\t\t\t339&nbsp;m\u00b2\t\t\t\t\t<\/div>\n\t\t\t\t\t\n\t\t\t\t\t<div class=\"sc_property_item_meta\">\n\t\t\t\t\t\t<span class=\"bathrooms\">1<\/span>\t\t\t\t\t<\/div>\n\t\t\t\t\t\n\t\t\t\t\t<div class=\"cL\"><\/div>\n\t\t\t\t\t\n\t\t\t\t<\/div>\n\t\t\t<\/div>\n\t\t<\/div><div class=\"column-1_3 column_padding_bottom\">\t\t\t<div id=\"sc_property_2023948963_2\"\t\t\t\tclass=\"sc_property_item sc_property_item_2 even\"\n\t\t\t\t>\n\t\t\t\t\n\t\t\t\t\n\t\t\t\t<div class=\"sc_property_item_featured\">\n\t\t\t\t\t\t\t<div class=\"post_thumb\" data-image=\"https:\/\/l1-real-estate.com\/wp-content\/uploads\/2023\/01\/WhatsApp-Image-2022-10-13-at-16.13.41.jpeg\" data-title=\"Plot Monte Canelas, Portim\u00e3o\">\n\t\t<a class=\"hover_icon hover_icon_link\" href=\"https:\/\/l1-real-estate.com\/index.php\/property\/plot-monte-canelas-urbanization-portimao\/\"><img loading=\"lazy\" decoding=\"async\" class=\"wp-post-image\" width=\"370\" height=\"180\" alt=\"Plot Monte Canelas, Portim\u00e3o\" src=\"https:\/\/l1-real-estate.com\/wp-content\/uploads\/2023\/01\/WhatsApp-Image-2022-10-13-at-16.13.41-370x180.jpeg\"><\/a>\t\t<\/div>\n\t\t\t\t\t\t\t<span class=\"sc_property_item_status\">Sale<\/span>\t\t\t\t<\/div>\n\t\t\t\t\t\n\t\t\t\t<div class=\"sc_property_item_content\">\n\t\t\t\t\n\t\t\t\t\t<div class=\"sc_property_item_type\">\n\t\t\t\t\t\tPlot&nbsp;\t\t\t\t\t<\/div>\n\t\t\t\t\t\n\t\t\t\t\t<div class=\"sc_property_item_price\">\n\t\t\t\t\t\t\u20ac155 000\t\t\t\t\t<\/div>\n\t\t\t\t\t\n\t\t\t\t\t<h4 class=\"sc_property_item_title\"><a href=\"https:\/\/l1-real-estate.com\/index.php\/property\/plot-monte-canelas-urbanization-portimao\/\">Plot Monte Canelas, Portim\u00e3o<\/a><\/h4>\t\t\t\t\t\t\n\t\t\t\t\t<div class=\"cL\"><\/div>\n\t\t\t\t\t\n\t\t\t\t\t<div class=\"sc_property_item_area\">\n\t\t\t\t\t\t517&nbsp;m\u00b2\t\t\t\t\t<\/div>\n\t\t\t\t\t\n\t\t\t\t\t<div class=\"sc_property_item_meta\">\n\t\t\t\t\t\t\t\t\t\t\t<\/div>\n\t\t\t\t\t\n\t\t\t\t\t<div class=\"cL\"><\/div>\n\t\t\t\t\t\n\t\t\t\t<\/div>\n\t\t\t<\/div>\n\t\t<\/div><div class=\"column-1_3 column_padding_bottom\">\t\t\t<div id=\"sc_property_2023948963_3\"\t\t\t\tclass=\"sc_property_item sc_property_item_3 odd\"\n\t\t\t\t>\n\t\t\t\t\n\t\t\t\t\n\t\t\t\t<div class=\"sc_property_item_featured\">\n\t\t\t\t\t\t\t<div class=\"post_thumb\" data-image=\"https:\/\/l1-real-estate.com\/wp-content\/uploads\/2023\/01\/IMG_20220324_173056.jpg\" data-title=\"5 Bedroom Apartment, Portim\u00e3o\">\n\t\t<a class=\"hover_icon hover_icon_link\" href=\"https:\/\/l1-real-estate.com\/index.php\/property\/villa-portimao\/\"><img loading=\"lazy\" decoding=\"async\" class=\"wp-post-image\" width=\"370\" height=\"180\" alt=\"5 Bedroom Apartment, Portim\u00e3o\" src=\"https:\/\/l1-real-estate.com\/wp-content\/uploads\/2023\/01\/IMG_20220324_173056-370x180.jpg\"><\/a>\t\t<\/div>\n\t\t\t\t\t\t\t<span class=\"sc_property_item_status\">Sale<\/span>\t\t\t\t<\/div>\n\t\t\t\t\t\n\t\t\t\t<div class=\"sc_property_item_content\">\n\t\t\t\t\n\t\t\t\t\t<div class=\"sc_property_item_type\">\n\t\t\t\t\t\tVilla&nbsp;\t\t\t\t\t<\/div>\n\t\t\t\t\t\n\t\t\t\t\t<div class=\"sc_property_item_price\">\n\t\t\t\t\t\t\u20ac350 000\t\t\t\t\t<\/div>\n\t\t\t\t\t\n\t\t\t\t\t<h4 class=\"sc_property_item_title\"><a href=\"https:\/\/l1-real-estate.com\/index.php\/property\/villa-portimao\/\">5 Bedroom Apartment, Portim\u00e3o<\/a><\/h4>\t\t\t\t\t\t\n\t\t\t\t\t<div class=\"cL\"><\/div>\n\t\t\t\t\t\n\t\t\t\t\t<div class=\"sc_property_item_area\">\n\t\t\t\t\t\t237&nbsp;m\u00b2\t\t\t\t\t<\/div>\n\t\t\t\t\t\n\t\t\t\t\t<div class=\"sc_property_item_meta\">\n\t\t\t\t\t\t<span class=\"bedrooms\">5<\/span><span class=\"bathrooms\">3<\/span>\t\t\t\t\t<\/div>\n\t\t\t\t\t\n\t\t\t\t\t<div class=\"cL\"><\/div>\n\t\t\t\t\t\n\t\t\t\t<\/div>\n\t\t\t<\/div>\n\t\t<\/div><div class=\"column-1_3 column_padding_bottom\">\t\t\t<div id=\"sc_property_2023948963_4\"\t\t\t\tclass=\"sc_property_item sc_property_item_4 even\"\n\t\t\t\t>\n\t\t\t\t\n\t\t\t\t\n\t\t\t\t<div class=\"sc_property_item_featured\">\n\t\t\t\t\t\t\t<div class=\"post_thumb\" data-image=\"https:\/\/l1-real-estate.com\/wp-content\/uploads\/2023\/01\/003-Moradia-T3-1-Ferragudo-32.jpg\" data-title=\"4 Bedroom Villa, Ferragudo\">\n\t\t<a class=\"hover_icon hover_icon_link\" href=\"https:\/\/l1-real-estate.com\/index.php\/property\/villa-quinta-dos-pocos-urbanization-ferragudo\/\"><img loading=\"lazy\" decoding=\"async\" class=\"wp-post-image\" width=\"370\" height=\"180\" alt=\"4 Bedroom Villa, Ferragudo\" src=\"https:\/\/l1-real-estate.com\/wp-content\/uploads\/2023\/01\/003-Moradia-T3-1-Ferragudo-32-370x180.jpg\"><\/a>\t\t<\/div>\n\t\t\t\t\t\t\t<span class=\"sc_property_item_status\">Sale<\/span>\t\t\t\t<\/div>\n\t\t\t\t\t\n\t\t\t\t<div class=\"sc_property_item_content\">\n\t\t\t\t\n\t\t\t\t\t<div class=\"sc_property_item_type\">\n\t\t\t\t\t\tVilla&nbsp;\t\t\t\t\t<\/div>\n\t\t\t\t\t\n\t\t\t\t\t<div class=\"sc_property_item_price\">\n\t\t\t\t\t\t\u20ac420 000\t\t\t\t\t<\/div>\n\t\t\t\t\t\n\t\t\t\t\t<h4 class=\"sc_property_item_title\"><a href=\"https:\/\/l1-real-estate.com\/index.php\/property\/villa-quinta-dos-pocos-urbanization-ferragudo\/\">4 Bedroom Villa, Ferragudo<\/a><\/h4>\t\t\t\t\t\t\n\t\t\t\t\t<div class=\"cL\"><\/div>\n\t\t\t\t\t\n\t\t\t\t\t<div class=\"sc_property_item_area\">\n\t\t\t\t\t\t374&nbsp;m\u00b2\t\t\t\t\t<\/div>\n\t\t\t\t\t\n\t\t\t\t\t<div class=\"sc_property_item_meta\">\n\t\t\t\t\t\t<span class=\"bedrooms\">3<\/span><span class=\"bathrooms\">1<\/span>\t\t\t\t\t<\/div>\n\t\t\t\t\t\n\t\t\t\t\t<div class=\"cL\"><\/div>\n\t\t\t\t\t\n\t\t\t\t<\/div>\n\t\t\t<\/div>\n\t\t<\/div><div class=\"column-1_3 column_padding_bottom\">\t\t\t<div id=\"sc_property_2023948963_5\"\t\t\t\tclass=\"sc_property_item sc_property_item_5 odd\"\n\t\t\t\t>\n\t\t\t\t\n\t\t\t\t\n\t\t\t\t<div class=\"sc_property_item_featured\">\n\t\t\t\t\t\t\t<div class=\"post_thumb\" data-image=\"https:\/\/l1-real-estate.com\/wp-content\/uploads\/2023\/01\/image00005-1.jpeg\" data-title=\"2 Bedroom Apartment, Portim\u00e3o\">\n\t\t<a class=\"hover_icon hover_icon_link\" href=\"https:\/\/l1-real-estate.com\/index.php\/property\/apartment-portimao\/\"><img loading=\"lazy\" decoding=\"async\" class=\"wp-post-image\" width=\"370\" height=\"180\" alt=\"2 Bedroom Apartment, Portim\u00e3o\" src=\"https:\/\/l1-real-estate.com\/wp-content\/uploads\/2023\/01\/image00005-1-370x180.jpeg\"><\/a>\t\t<\/div>\n\t\t\t\t\t\t\t<span class=\"sc_property_item_status\">Sale<\/span>\t\t\t\t<\/div>\n\t\t\t\t\t\n\t\t\t\t<div class=\"sc_property_item_content\">\n\t\t\t\t\n\t\t\t\t\t<div class=\"sc_property_item_type\">\n\t\t\t\t\t\tApartment&nbsp;\t\t\t\t\t<\/div>\n\t\t\t\t\t\n\t\t\t\t\t<div class=\"sc_property_item_price\">\n\t\t\t\t\t\t\u20ac149 900\t\t\t\t\t<\/div>\n\t\t\t\t\t\n\t\t\t\t\t<h4 class=\"sc_property_item_title\"><a href=\"https:\/\/l1-real-estate.com\/index.php\/property\/apartment-portimao\/\">2 Bedroom Apartment, Portim\u00e3o<\/a><\/h4>\t\t\t\t\t\t\n\t\t\t\t\t<div class=\"cL\"><\/div>\n\t\t\t\t\t\n\t\t\t\t\t<div class=\"sc_property_item_area\">\n\t\t\t\t\t\t70&nbsp;m\u00b2\t\t\t\t\t<\/div>\n\t\t\t\t\t\n\t\t\t\t\t<div class=\"sc_property_item_meta\">\n\t\t\t\t\t\t<span class=\"bedrooms\">2<\/span><span class=\"bathrooms\">1<\/span>\t\t\t\t\t<\/div>\n\t\t\t\t\t\n\t\t\t\t\t<div class=\"cL\"><\/div>\n\t\t\t\t\t\n\t\t\t\t<\/div>\n\t\t\t<\/div>\n\t\t<\/div><div class=\"column-1_3 column_padding_bottom\">\t\t\t<div id=\"sc_property_2023948963_6\"\t\t\t\tclass=\"sc_property_item sc_property_item_6 even\"\n\t\t\t\t>\n\t\t\t\t\n\t\t\t\t\n\t\t\t\t<div class=\"sc_property_item_featured\">\n\t\t\t\t\t\t\t<div class=\"post_thumb\" data-image=\"https:\/\/l1-real-estate.com\/wp-content\/uploads\/2023\/01\/image00019.jpeg\" data-title=\"1 Bedroom Apartment at Praia da Rocha, Portim\u00e3o\">\n\t\t<a class=\"hover_icon hover_icon_link\" href=\"https:\/\/l1-real-estate.com\/index.php\/property\/apartment-at-praia-da-rocha-portimao\/\"><img loading=\"lazy\" decoding=\"async\" class=\"wp-post-image\" width=\"370\" height=\"180\" alt=\"1 Bedroom Apartment at Praia da Rocha, Portim\u00e3o\" src=\"https:\/\/l1-real-estate.com\/wp-content\/uploads\/2023\/01\/image00019-370x180.jpeg\"><\/a>\t\t<\/div>\n\t\t\t\t\t\t\t<span class=\"sc_property_item_status\">Sale<\/span>\t\t\t\t<\/div>\n\t\t\t\t\t\n\t\t\t\t<div class=\"sc_property_item_content\">\n\t\t\t\t\n\t\t\t\t\t<div class=\"sc_property_item_type\">\n\t\t\t\t\t\tApartment&nbsp;\t\t\t\t\t<\/div>\n\t\t\t\t\t\n\t\t\t\t\t<div class=\"sc_property_item_price\">\n\t\t\t\t\t\t\u20ac140 000\t\t\t\t\t<\/div>\n\t\t\t\t\t\n\t\t\t\t\t<h4 class=\"sc_property_item_title\"><a href=\"https:\/\/l1-real-estate.com\/index.php\/property\/apartment-at-praia-da-rocha-portimao\/\">1 Bedroom Apartment at Praia da Rocha, Portim\u00e3o<\/a><\/h4>\t\t\t\t\t\t\n\t\t\t\t\t<div class=\"cL\"><\/div>\n\t\t\t\t\t\n\t\t\t\t\t<div class=\"sc_property_item_area\">\n\t\t\t\t\t\t55&nbsp;m\u00b2\t\t\t\t\t<\/div>\n\t\t\t\t\t\n\t\t\t\t\t<div class=\"sc_property_item_meta\">\n\t\t\t\t\t\t<span class=\"bedrooms\">1<\/span><span class=\"bathrooms\">1<\/span>\t\t\t\t\t<\/div>\n\t\t\t\t\t\n\t\t\t\t\t<div class=\"cL\"><\/div>\n\t\t\t\t\t\n\t\t\t\t<\/div>\n\t\t\t<\/div>\n\t\t<\/div><div class=\"column-1_3 column_padding_bottom\">\t\t\t<div id=\"sc_property_2023948963_7\"\t\t\t\tclass=\"sc_property_item sc_property_item_7 odd\"\n\t\t\t\t>\n\t\t\t\t\n\t\t\t\t\n\t\t\t\t<div class=\"sc_property_item_featured\">\n\t\t\t\t\t\t\t<div class=\"post_thumb\" data-image=\"https:\/\/l1-real-estate.com\/wp-content\/uploads\/2022\/11\/IMG_3806-36-scaled.jpg\" data-title=\"Villa da Vida, Meia Praia, Lagos\">\n\t\t<a class=\"hover_icon hover_icon_link\" href=\"https:\/\/l1-real-estate.com\/index.php\/property\/villa-da-vida-meia-praia\/\"><img loading=\"lazy\" decoding=\"async\" class=\"wp-post-image\" width=\"370\" height=\"180\" alt=\"Villa da Vida, Meia Praia, Lagos\" src=\"https:\/\/l1-real-estate.com\/wp-content\/uploads\/2022\/11\/IMG_3806-36-scaled-370x180.jpg\"><\/a>\t\t<\/div>\n\t\t\t\t\t\t\t<span class=\"sc_property_item_status\">Rent<\/span>\t\t\t\t<\/div>\n\t\t\t\t\t\n\t\t\t\t<div class=\"sc_property_item_content\">\n\t\t\t\t\n\t\t\t\t\t<div class=\"sc_property_item_type\">\n\t\t\t\t\t\tVilla&nbsp;\t\t\t\t\t<\/div>\n\t\t\t\t\t\n\t\t\t\t\t<div class=\"sc_property_item_price\">\n\t\t\t\t\t\t\t\t\t\t\t<\/div>\n\t\t\t\t\t\n\t\t\t\t\t<h4 class=\"sc_property_item_title\"><a href=\"https:\/\/l1-real-estate.com\/index.php\/property\/villa-da-vida-meia-praia\/\">Villa da Vida, Meia Praia, Lagos<\/a><\/h4>\t\t\t\t\t\t\n\t\t\t\t\t<div class=\"cL\"><\/div>\n\t\t\t\t\t\n\t\t\t\t\t<div class=\"sc_property_item_area\">\n\t\t\t\t\t\t628&nbsp;m\u00b2\t\t\t\t\t<\/div>\n\t\t\t\t\t\n\t\t\t\t\t<div class=\"sc_property_item_meta\">\n\t\t\t\t\t\t<span class=\"bedrooms\">5<\/span><span class=\"bathrooms\">5<\/span><span class=\"garages\">3<\/span>\t\t\t\t\t<\/div>\n\t\t\t\t\t\n\t\t\t\t\t<div class=\"cL\"><\/div>\n\t\t\t\t\t\n\t\t\t\t<\/div>\n\t\t\t<\/div>\n\t\t<\/div><\/div><\/div><!-- \/.sc_property --><\/div><!-- \/.sc_property_wrap -->[\/vc_column][\/vc_row]<\/p>\n","protected":false},"excerpt":{"rendered":"<p>[vc_row el_class=&#8221;pt5e&#8221;][vc_column css=&#8221;.vc_custom_1542620475687{margin-right: 8.547% !important;margin-left: 8.547% !important;}&#8221;][\/vc_column][\/vc_row][vc_row css=&#8221;.vc_custom_1668104059224{padding-top: 24px !important;}&#8221;][vc_column][\/vc_column][\/vc_row]<\/p>\n","protected":false},"author":1,"featured_media":0,"parent":0,"menu_order":0,"comment_status":"closed","ping_status":"closed","template":"","meta":{"footnotes":""},"class_list":["post-3456","page","type-page","status-publish","hentry"],"yoast_head":"<!-- This site is optimized with the Yoast SEO plugin v26.8 - https:\/\/yoast.com\/product\/yoast-seo-wordpress\/ -->\n<title>Nuestras propiedades - L1 Property &amp; Real Estate Management<\/title>\n<meta name=\"robots\" content=\"index, follow, max-snippet:-1, max-image-preview:large, max-video-preview:-1\" \/>\n<link rel=\"canonical\" href=\"https:\/\/l1-real-estate.com\/index.php\/nuestras-propiedades\/\" \/>\n<meta property=\"og:locale\" content=\"en_US\" \/>\n<meta property=\"og:type\" content=\"article\" \/>\n<meta property=\"og:title\" content=\"Nuestras propiedades - L1 Property &amp; Real Estate Management\" \/>\n<meta property=\"og:description\" content=\"[vc_row el_class=&#8221;pt5e&#8221;][vc_column css=&#8221;.vc_custom_1542620475687{margin-right: 8.547% !important;margin-left: 8.547% !important;}&#8221;][\/vc_column][\/vc_row][vc_row css=&#8221;.vc_custom_1668104059224{padding-top: 24px !important;}&#8221;][vc_column][\/vc_column][\/vc_row]\" \/>\n<meta property=\"og:url\" content=\"https:\/\/l1-real-estate.com\/index.php\/nuestras-propiedades\/?lang=es\" \/>\n<meta property=\"og:site_name\" content=\"L1 Property &amp; Real Estate Management\" \/>\n<meta property=\"article:modified_time\" content=\"2022-11-11T14:54:26+00:00\" \/>\n<meta name=\"twitter:card\" content=\"summary_large_image\" \/>\n<script type=\"application\/ld+json\" class=\"yoast-schema-graph\">{\"@context\":\"https:\/\/schema.org\",\"@graph\":[{\"@type\":\"WebPage\",\"@id\":\"https:\/\/l1-real-estate.com\/index.php\/nuestras-propiedades\/?lang=es\",\"url\":\"https:\/\/l1-real-estate.com\/index.php\/nuestras-propiedades\/?lang=es\",\"name\":\"Nuestras propiedades - L1 Property &amp; Real Estate Management\",\"isPartOf\":{\"@id\":\"https:\/\/l1-real-estate.com\/#website\"},\"datePublished\":\"2022-11-10T18:09:17+00:00\",\"dateModified\":\"2022-11-11T14:54:26+00:00\",\"breadcrumb\":{\"@id\":\"https:\/\/l1-real-estate.com\/index.php\/nuestras-propiedades\/?lang=es#breadcrumb\"},\"inLanguage\":\"en-US\",\"potentialAction\":[{\"@type\":\"ReadAction\",\"target\":[\"https:\/\/l1-real-estate.com\/index.php\/nuestras-propiedades\/?lang=es\"]}]},{\"@type\":\"BreadcrumbList\",\"@id\":\"https:\/\/l1-real-estate.com\/index.php\/nuestras-propiedades\/?lang=es#breadcrumb\",\"itemListElement\":[{\"@type\":\"ListItem\",\"position\":1,\"name\":\"Startseite\",\"item\":\"https:\/\/l1-real-estate.com\/\"},{\"@type\":\"ListItem\",\"position\":2,\"name\":\"Nuestras propiedades\"}]},{\"@type\":\"WebSite\",\"@id\":\"https:\/\/l1-real-estate.com\/#website\",\"url\":\"https:\/\/l1-real-estate.com\/\",\"name\":\"L1 Property &amp; Real Estate Management\",\"description\":\"\",\"potentialAction\":[{\"@type\":\"SearchAction\",\"target\":{\"@type\":\"EntryPoint\",\"urlTemplate\":\"https:\/\/l1-real-estate.com\/?s={search_term_string}\"},\"query-input\":{\"@type\":\"PropertyValueSpecification\",\"valueRequired\":true,\"valueName\":\"search_term_string\"}}],\"inLanguage\":\"en-US\"}]}<\/script>\n<!-- \/ Yoast SEO plugin. -->","yoast_head_json":{"title":"Nuestras propiedades - L1 Property &amp; Real Estate Management","robots":{"index":"index","follow":"follow","max-snippet":"max-snippet:-1","max-image-preview":"max-image-preview:large","max-video-preview":"max-video-preview:-1"},"canonical":"https:\/\/l1-real-estate.com\/index.php\/nuestras-propiedades\/","og_locale":"en_US","og_type":"article","og_title":"Nuestras propiedades - L1 Property &amp; Real Estate Management","og_description":"[vc_row el_class=&#8221;pt5e&#8221;][vc_column css=&#8221;.vc_custom_1542620475687{margin-right: 8.547% !important;margin-left: 8.547% !important;}&#8221;][\/vc_column][\/vc_row][vc_row css=&#8221;.vc_custom_1668104059224{padding-top: 24px !important;}&#8221;][vc_column][\/vc_column][\/vc_row]","og_url":"https:\/\/l1-real-estate.com\/index.php\/nuestras-propiedades\/?lang=es","og_site_name":"L1 Property &amp; Real Estate Management","article_modified_time":"2022-11-11T14:54:26+00:00","twitter_card":"summary_large_image","schema":{"@context":"https:\/\/schema.org","@graph":[{"@type":"WebPage","@id":"https:\/\/l1-real-estate.com\/index.php\/nuestras-propiedades\/?lang=es","url":"https:\/\/l1-real-estate.com\/index.php\/nuestras-propiedades\/?lang=es","name":"Nuestras propiedades - L1 Property &amp; Real Estate Management","isPartOf":{"@id":"https:\/\/l1-real-estate.com\/#website"},"datePublished":"2022-11-10T18:09:17+00:00","dateModified":"2022-11-11T14:54:26+00:00","breadcrumb":{"@id":"https:\/\/l1-real-estate.com\/index.php\/nuestras-propiedades\/?lang=es#breadcrumb"},"inLanguage":"en-US","potentialAction":[{"@type":"ReadAction","target":["https:\/\/l1-real-estate.com\/index.php\/nuestras-propiedades\/?lang=es"]}]},{"@type":"BreadcrumbList","@id":"https:\/\/l1-real-estate.com\/index.php\/nuestras-propiedades\/?lang=es#breadcrumb","itemListElement":[{"@type":"ListItem","position":1,"name":"Startseite","item":"https:\/\/l1-real-estate.com\/"},{"@type":"ListItem","position":2,"name":"Nuestras propiedades"}]},{"@type":"WebSite","@id":"https:\/\/l1-real-estate.com\/#website","url":"https:\/\/l1-real-estate.com\/","name":"L1 Property &amp; Real Estate Management","description":"","potentialAction":[{"@type":"SearchAction","target":{"@type":"EntryPoint","urlTemplate":"https:\/\/l1-real-estate.com\/?s={search_term_string}"},"query-input":{"@type":"PropertyValueSpecification","valueRequired":true,"valueName":"search_term_string"}}],"inLanguage":"en-US"}]}},"_links":{"self":[{"href":"https:\/\/l1-real-estate.com\/index.php\/wp-json\/wp\/v2\/pages\/3456","targetHints":{"allow":["GET"]}}],"collection":[{"href":"https:\/\/l1-real-estate.com\/index.php\/wp-json\/wp\/v2\/pages"}],"about":[{"href":"https:\/\/l1-real-estate.com\/index.php\/wp-json\/wp\/v2\/types\/page"}],"author":[{"embeddable":true,"href":"https:\/\/l1-real-estate.com\/index.php\/wp-json\/wp\/v2\/users\/1"}],"replies":[{"embeddable":true,"href":"https:\/\/l1-real-estate.com\/index.php\/wp-json\/wp\/v2\/comments?post=3456"}],"version-history":[{"count":11,"href":"https:\/\/l1-real-estate.com\/index.php\/wp-json\/wp\/v2\/pages\/3456\/revisions"}],"predecessor-version":[{"id":3491,"href":"https:\/\/l1-real-estate.com\/index.php\/wp-json\/wp\/v2\/pages\/3456\/revisions\/3491"}],"wp:attachment":[{"href":"https:\/\/l1-real-estate.com\/index.php\/wp-json\/wp\/v2\/media?parent=3456"}],"curies":[{"name":"wp","href":"https:\/\/api.w.org\/{rel}","templated":true}]}}