{"id":5742,"date":"2022-11-11T11:51:37","date_gmt":"2022-11-11T11:51:37","guid":{"rendered":"https:\/\/l1-real-estate.com\/index.php\/la-experiencia-del-algarve\/"},"modified":"2022-11-11T14:54:24","modified_gmt":"2022-11-11T14:54:24","slug":"la-experiencia-del-algarve","status":"publish","type":"page","link":"https:\/\/l1-real-estate.com\/index.php\/la-experiencia-del-algarve\/?lang=es","title":{"rendered":"La experiencia del Algarve"},"content":{"rendered":"<p>[vc_row full_width=&#8221;stretch_row&#8221;][vc_column]<div class=\"sc_section\"><div class=\"sc_section_inner\">[vc_column_text]<\/p>\n<h2>&#8220;La experiencia del Algarve&#8221;,<\/h2>\n<p><strong>Benef\u00edciese de nuestros conocimientos: experimente el Algarve.<\/strong><\/p>\n<p>Ofrecemos una variedad de paquetes para que sienta el Algarve y refuerce su v\u00ednculo con la zona. Tanto si es un aficionado a la F\u00f3rmula 1 como si le gusta pasar su tiempo en el parque acu\u00e1tico -o simplemente relajarse en la playa en la intimidad- conozca aqu\u00ed nuestros lugares favoritos.<\/p>\n<p>&nbsp;<\/p>\n<div id=\"gtx-trans\" style=\"position: absolute; left: 174px; top: 546.906px;\">\n<div class=\"gtx-trans-icon\"><\/div>\n<\/div>\n<p>[\/vc_column_text]<\/div><\/div>[vc_empty_space height=&#8221;7em&#8221;][\/vc_column][\/vc_row][vc_row][vc_column]<div class=\"sc_section aligncenter column-1_1\"><div class=\"sc_section_inner\"><div class=\"columns_wrap sc_columns columns_nofluid sc_columns_count_3\" style=\"margin-bottom:50px;\"><div class=\"column-1_3 sc_column_item sc_column_item_1 odd first\" style=\"text-align:center;\">[vc_icon icon_fontawesome=&#8221;fas fa-umbrella-beach&#8221; color=&#8221;custom&#8221; size=&#8221;xl&#8221; align=&#8221;center&#8221; custom_color=&#8221;#000000&#8243;][vc_column_text]<\/p>\n<h4 style=\"text-align: center;\">Las hermosas playas<\/h4>\n<p style=\"text-align: center;\">Experimente la costa del oc\u00e9ano: t\u00fambese en la c\u00e1lida arena con una ligera brisa que le atraviesa la cara. El Algarve es conocido por su limpia y hermosa naturaleza costera.<\/p>\n<p>[\/vc_column_text]<\/div><div class=\"column-1_3 sc_column_item sc_column_item_2 even\" style=\"text-align:center;\">[vc_icon icon_fontawesome=&#8221;fas fa-utensils&#8221; color=&#8221;custom&#8221; size=&#8221;xl&#8221; align=&#8221;center&#8221; custom_color=&#8221;#000000&#8243;][vc_column_text]<\/p>\n<h4 style=\"text-align: center;\">Viaje culinario<\/h4>\n<p style=\"text-align: center;\">Seduzca su alma con un viaje culinario con cocina tradicional portuguesa<\/p>\n<p>[\/vc_column_text]<\/div><div class=\"column-1_3 sc_column_item sc_column_item_3 odd\" style=\"text-align:center;\">[vc_icon icon_fontawesome=&#8221;fas fa-wine-glass&#8221; color=&#8221;custom&#8221; size=&#8221;xl&#8221; align=&#8221;center&#8221; custom_color=&#8221;#000000&#8243;][vc_column_text]<\/p>\n<h4 style=\"text-align: center;\">Visitas y catas de vino<\/h4>\n<p style=\"text-align: center;\">El vino tradicional portugu\u00e9s har\u00e1 que su lengua experimente un nivel de sabor totalmente diferente.<\/p>\n<p>[\/vc_column_text]<\/div><\/div><div class=\"columns_wrap sc_columns columns_nofluid sc_columns_count_3\" style=\"margin-bottom:50px;\"><div class=\"column-1_3 sc_column_item sc_column_item_1 odd first\" style=\"text-align:center;\">[vc_icon icon_fontawesome=&#8221;fas fa-skull-crossbones&#8221; color=&#8221;custom&#8221; size=&#8221;xl&#8221; align=&#8221;center&#8221; custom_color=&#8221;#000000&#8243;][vc_column_text]<\/p>\n<h4 style=\"text-align: center;\">Crucero en barco pirata<\/h4>\n<p style=\"text-align: center;\">Zarpe con el barco pirata y visite los lugares m\u00e1s bellos de la costa del Algarve. Det\u00e9ngase en las playas de arena blanca y disfrute de la oportunidad de ba\u00f1arse en el mar. Ahoy, camaradas.<\/p>\n<p>[\/vc_column_text]<\/div><div class=\"column-1_3 sc_column_item sc_column_item_2 even\" style=\"text-align:center;\">[vc_icon icon_fontawesome=&#8221;fas fa-flag-checkered&#8221; color=&#8221;custom&#8221; size=&#8221;xl&#8221; align=&#8221;center&#8221; custom_color=&#8221;#000000&#8243;][vc_column_text]<\/p>\n<h4 style=\"text-align: center;\">F\u00f3rmula 1<\/h4>\n<p style=\"text-align: center;\">\u00bfEres un gran aficionado a los deportes de motor? Visite el mundialmente conocido Aut\u00f3dromo Internacional do Algarve.<\/p>\n<p>[\/vc_column_text]<\/div><div class=\"column-1_3 sc_column_item sc_column_item_3 odd\" style=\"text-align:center;\">[vc_icon icon_fontawesome=&#8221;fas fa-anchor&#8221; color=&#8221;custom&#8221; size=&#8221;xl&#8221; align=&#8221;center&#8221; custom_color=&#8221;#000000&#8243;][vc_column_text]<\/p>\n<h4 style=\"text-align: center;\">Cuevas de Benagil<\/h4>\n<p style=\"text-align: center;\">Zarpe y conozca el famoso Algar de Benagil y, de paso, preste atenci\u00f3n a los numerosos delfines o \u00fanase a ellos en el agua.<\/p>\n<p>[\/vc_column_text]<\/div><\/div><\/div><\/div>[vc_cta h2=&#8221;\u00bfEst\u00e1 interesado en uno de nuestros paquetes?&#8221; style=&#8221;outline&#8221;]Ll\u00e1menos o <a href=\"https:\/\/l1-real-estate.com\/index.php\/contacto\/?lang=es\">d\u00e9jenos un mensaje<\/a>.[\/vc_cta][\/vc_column][\/vc_row][vc_row][vc_column][vc_masonry_media_grid grid_id=&#8221;vc_gid:1668169144608-7010943e-ed93-6&#8243; include=&#8221;5872,5880,5888,5896,5904,5912,5920,5928,5936,5944,5952,5960,5968,5976,5984,5992,6000,6008,6016,6024,6032,6040,6048,6056,6064&#8243;][\/vc_column][\/vc_row]<\/p>\n","protected":false},"excerpt":{"rendered":"<p>[vc_row full_width=&#8221;stretch_row&#8221;][vc_column][vc_empty_space height=&#8221;7em&#8221;][\/vc_column][\/vc_row][vc_row][vc_column][vc_cta h2=&#8221;\u00bfEst\u00e1 interesado en uno de nuestros paquetes?&#8221; style=&#8221;outline&#8221;]Ll\u00e1menos o d\u00e9jenos un mensaje.[\/vc_cta][\/vc_column][\/vc_row][vc_row][vc_column][vc_masonry_media_grid grid_id=&#8221;vc_gid:1668169144608-7010943e-ed93-6&#8243; include=&#8221;5872,5880,5888,5896,5904,5912,5920,5928,5936,5944,5952,5960,5968,5976,5984,5992,6000,6008,6016,6024,6032,6040,6048,6056,6064&#8243;][\/vc_column][\/vc_row]<\/p>\n","protected":false},"author":1,"featured_media":0,"parent":0,"menu_order":0,"comment_status":"closed","ping_status":"closed","template":"","meta":{"footnotes":""},"class_list":["post-5742","page","type-page","status-publish","hentry"],"yoast_head":"<!-- This site is optimized with the Yoast SEO plugin v26.8 - https:\/\/yoast.com\/product\/yoast-seo-wordpress\/ -->\n<title>La experiencia del Algarve - L1 Property &amp; Real Estate Management<\/title>\n<meta name=\"robots\" content=\"index, follow, max-snippet:-1, max-image-preview:large, max-video-preview:-1\" \/>\n<link rel=\"canonical\" href=\"https:\/\/l1-real-estate.com\/index.php\/la-experiencia-del-algarve\/\" \/>\n<meta property=\"og:locale\" content=\"en_US\" \/>\n<meta property=\"og:type\" content=\"article\" \/>\n<meta property=\"og:title\" content=\"La experiencia del Algarve - L1 Property &amp; Real Estate Management\" \/>\n<meta property=\"og:description\" content=\"[vc_row full_width=&#8221;stretch_row&#8221;][vc_column][vc_empty_space height=&#8221;7em&#8221;][\/vc_column][\/vc_row][vc_row][vc_column][vc_cta h2=&#8221;\u00bfEst\u00e1 interesado en uno de nuestros paquetes?&#8221; style=&#8221;outline&#8221;]Ll\u00e1menos o d\u00e9jenos un mensaje.[\/vc_cta][\/vc_column][\/vc_row][vc_row][vc_column][vc_masonry_media_grid grid_id=&#8221;vc_gid:1668169144608-7010943e-ed93-6&#8243; include=&#8221;5872,5880,5888,5896,5904,5912,5920,5928,5936,5944,5952,5960,5968,5976,5984,5992,6000,6008,6016,6024,6032,6040,6048,6056,6064&#8243;][\/vc_column][\/vc_row]\" \/>\n<meta property=\"og:url\" content=\"https:\/\/l1-real-estate.com\/index.php\/la-experiencia-del-algarve\/?lang=es\" \/>\n<meta property=\"og:site_name\" content=\"L1 Property &amp; Real Estate Management\" \/>\n<meta property=\"article:modified_time\" content=\"2022-11-11T14:54:24+00:00\" \/>\n<meta name=\"twitter:card\" content=\"summary_large_image\" \/>\n<meta name=\"twitter:label1\" content=\"Est. reading time\" \/>\n\t<meta name=\"twitter:data1\" content=\"2 minutes\" \/>\n<script type=\"application\/ld+json\" class=\"yoast-schema-graph\">{\"@context\":\"https:\/\/schema.org\",\"@graph\":[{\"@type\":\"WebPage\",\"@id\":\"https:\/\/l1-real-estate.com\/index.php\/la-experiencia-del-algarve\/?lang=es\",\"url\":\"https:\/\/l1-real-estate.com\/index.php\/la-experiencia-del-algarve\/?lang=es\",\"name\":\"La experiencia del Algarve - L1 Property &amp; Real Estate Management\",\"isPartOf\":{\"@id\":\"https:\/\/l1-real-estate.com\/#website\"},\"datePublished\":\"2022-11-11T11:51:37+00:00\",\"dateModified\":\"2022-11-11T14:54:24+00:00\",\"breadcrumb\":{\"@id\":\"https:\/\/l1-real-estate.com\/index.php\/la-experiencia-del-algarve\/?lang=es#breadcrumb\"},\"inLanguage\":\"en-US\",\"potentialAction\":[{\"@type\":\"ReadAction\",\"target\":[\"https:\/\/l1-real-estate.com\/index.php\/la-experiencia-del-algarve\/?lang=es\"]}]},{\"@type\":\"BreadcrumbList\",\"@id\":\"https:\/\/l1-real-estate.com\/index.php\/la-experiencia-del-algarve\/?lang=es#breadcrumb\",\"itemListElement\":[{\"@type\":\"ListItem\",\"position\":1,\"name\":\"Startseite\",\"item\":\"https:\/\/l1-real-estate.com\/\"},{\"@type\":\"ListItem\",\"position\":2,\"name\":\"La experiencia del Algarve\"}]},{\"@type\":\"WebSite\",\"@id\":\"https:\/\/l1-real-estate.com\/#website\",\"url\":\"https:\/\/l1-real-estate.com\/\",\"name\":\"L1 Property &amp; Real Estate Management\",\"description\":\"\",\"potentialAction\":[{\"@type\":\"SearchAction\",\"target\":{\"@type\":\"EntryPoint\",\"urlTemplate\":\"https:\/\/l1-real-estate.com\/?s={search_term_string}\"},\"query-input\":{\"@type\":\"PropertyValueSpecification\",\"valueRequired\":true,\"valueName\":\"search_term_string\"}}],\"inLanguage\":\"en-US\"}]}<\/script>\n<!-- \/ Yoast SEO plugin. -->","yoast_head_json":{"title":"La experiencia del Algarve - L1 Property &amp; Real Estate Management","robots":{"index":"index","follow":"follow","max-snippet":"max-snippet:-1","max-image-preview":"max-image-preview:large","max-video-preview":"max-video-preview:-1"},"canonical":"https:\/\/l1-real-estate.com\/index.php\/la-experiencia-del-algarve\/","og_locale":"en_US","og_type":"article","og_title":"La experiencia del Algarve - L1 Property &amp; Real Estate Management","og_description":"[vc_row full_width=&#8221;stretch_row&#8221;][vc_column][vc_empty_space height=&#8221;7em&#8221;][\/vc_column][\/vc_row][vc_row][vc_column][vc_cta h2=&#8221;\u00bfEst\u00e1 interesado en uno de nuestros paquetes?&#8221; style=&#8221;outline&#8221;]Ll\u00e1menos o d\u00e9jenos un mensaje.[\/vc_cta][\/vc_column][\/vc_row][vc_row][vc_column][vc_masonry_media_grid grid_id=&#8221;vc_gid:1668169144608-7010943e-ed93-6&#8243; include=&#8221;5872,5880,5888,5896,5904,5912,5920,5928,5936,5944,5952,5960,5968,5976,5984,5992,6000,6008,6016,6024,6032,6040,6048,6056,6064&#8243;][\/vc_column][\/vc_row]","og_url":"https:\/\/l1-real-estate.com\/index.php\/la-experiencia-del-algarve\/?lang=es","og_site_name":"L1 Property &amp; Real Estate Management","article_modified_time":"2022-11-11T14:54:24+00:00","twitter_card":"summary_large_image","twitter_misc":{"Est. reading time":"2 minutes"},"schema":{"@context":"https:\/\/schema.org","@graph":[{"@type":"WebPage","@id":"https:\/\/l1-real-estate.com\/index.php\/la-experiencia-del-algarve\/?lang=es","url":"https:\/\/l1-real-estate.com\/index.php\/la-experiencia-del-algarve\/?lang=es","name":"La experiencia del Algarve - L1 Property &amp; Real Estate Management","isPartOf":{"@id":"https:\/\/l1-real-estate.com\/#website"},"datePublished":"2022-11-11T11:51:37+00:00","dateModified":"2022-11-11T14:54:24+00:00","breadcrumb":{"@id":"https:\/\/l1-real-estate.com\/index.php\/la-experiencia-del-algarve\/?lang=es#breadcrumb"},"inLanguage":"en-US","potentialAction":[{"@type":"ReadAction","target":["https:\/\/l1-real-estate.com\/index.php\/la-experiencia-del-algarve\/?lang=es"]}]},{"@type":"BreadcrumbList","@id":"https:\/\/l1-real-estate.com\/index.php\/la-experiencia-del-algarve\/?lang=es#breadcrumb","itemListElement":[{"@type":"ListItem","position":1,"name":"Startseite","item":"https:\/\/l1-real-estate.com\/"},{"@type":"ListItem","position":2,"name":"La experiencia del Algarve"}]},{"@type":"WebSite","@id":"https:\/\/l1-real-estate.com\/#website","url":"https:\/\/l1-real-estate.com\/","name":"L1 Property &amp; Real Estate Management","description":"","potentialAction":[{"@type":"SearchAction","target":{"@type":"EntryPoint","urlTemplate":"https:\/\/l1-real-estate.com\/?s={search_term_string}"},"query-input":{"@type":"PropertyValueSpecification","valueRequired":true,"valueName":"search_term_string"}}],"inLanguage":"en-US"}]}},"_links":{"self":[{"href":"https:\/\/l1-real-estate.com\/index.php\/wp-json\/wp\/v2\/pages\/5742","targetHints":{"allow":["GET"]}}],"collection":[{"href":"https:\/\/l1-real-estate.com\/index.php\/wp-json\/wp\/v2\/pages"}],"about":[{"href":"https:\/\/l1-real-estate.com\/index.php\/wp-json\/wp\/v2\/types\/page"}],"author":[{"embeddable":true,"href":"https:\/\/l1-real-estate.com\/index.php\/wp-json\/wp\/v2\/users\/1"}],"replies":[{"embeddable":true,"href":"https:\/\/l1-real-estate.com\/index.php\/wp-json\/wp\/v2\/comments?post=5742"}],"version-history":[{"count":12,"href":"https:\/\/l1-real-estate.com\/index.php\/wp-json\/wp\/v2\/pages\/5742\/revisions"}],"predecessor-version":[{"id":6123,"href":"https:\/\/l1-real-estate.com\/index.php\/wp-json\/wp\/v2\/pages\/5742\/revisions\/6123"}],"wp:attachment":[{"href":"https:\/\/l1-real-estate.com\/index.php\/wp-json\/wp\/v2\/media?parent=5742"}],"curies":[{"name":"wp","href":"https:\/\/api.w.org\/{rel}","templated":true}]}}